{"id":114,"date":"2022-03-12T13:32:05","date_gmt":"2022-03-12T12:32:05","guid":{"rendered":"https:\/\/corrosion-control.eu\/site\/?post_type=product&#038;p=114"},"modified":"2026-04-26T10:44:51","modified_gmt":"2026-04-26T08:44:51","slug":"superlube-silicone-dielectric-and-vacuum-vet-91003-tube-85-gram","status":"publish","type":"product","link":"https:\/\/corrosion-control.eu\/site\/?product=superlube-silicone-dielectric-and-vacuum-vet-91003-tube-85-gram","title":{"rendered":"Superlube Silicone Dielectric and Vacuum Vet &#8211; 91003 tube 85 gram"},"content":{"rendered":"<p>Super lube di\u00eblektrisch vet is een siliconenvet met hoge di\u00eblektrische weerstand voor het afdekken, beschermen en isoleren van elektrische componenten en connectoren.<\/p>\n<p>Het vet is waterbestendig, compatibel met de meeste plastics en beschermt tegen vocht en vuil.<\/p>\n<p>&#8211; Uitstekend bestand tegen koud, warm, zoet &amp; zout water<br \/>\n&#8211; Smelt, droogt of loopt niet uit<br \/>\n&#8211; Breed temperatuurbereik van -43\u00b0C tot +260\u00b0C<br \/>\n&#8211; Compatibel met de meeste plastics en rubbers<br \/>\n&#8211; NSF H-1 goed gekeurd voor gebruik in voedingsindustrie<\/p>\n<p>Super Lube\u00ae Silicone Di\u00eblektrisch en Vacu\u00fcmvet is een speciaal samengestelde niet-uithardende siliconenverbinding die superieure prestaties vertoont in zowel elektrische als vacu\u00fcmtoepassingen.<\/p>\n<p>Super Lube\u00ae Silicone Di\u00eblektrisch en Vacu\u00fcmvet dicht af, beschermt en isoleert elektrische componenten en connectoren. Het is waterdicht en vormt een barri\u00e8re tegen vocht en andere verontreinigingen in vele soorten elektrische componenten.<\/p>\n<p>Super Lube\u00ae Silicone Di\u00eblektrisch en Vacu\u00fcmvet helpt de totale leksnelheid in vacu\u00fcmtoepassingen te verminderen door de ruimtes van de oppervlakken van de flenzen te vullen en de permeatiesnelheid van het elastomeer te verlagen. Het presteert beter in zowel vacu\u00fcm- als druksystemen.<\/p>\n<p>Super Lube\u00ae Silicone Di\u00eblektrisch en Vacu\u00fcmvet is een NSF-geregistreerd Food Grade-smeermiddel, geclassificeerd als H1 voor incidenteel contact met voedsel. Voldoet aan de voormalige USDA (H1)-richtlijnen. Het is doorschijnend wit, schoon en helder van uiterlijk en vertoont een hoge di\u00eblektrische sterkte.<\/p>\n<p>Super Lube\u00ae siliconen di\u00eblektrisch en vacu\u00fcmvet is compatibel met de meeste rubber- en kunststofverbindingen. Zie Compatibiliteitstabel onder <a href=\"https:\/\/www.super-lube.com\/Content\/Images\/uploaded\/documents\/Compatability%20Charts\/Super%20Lube%20Silicone%20Dielectric%20and%20Vacuum%20Grease.pdf\">Technische bronnen<\/a> voor meer informatie.<\/p>\n<p>Super Lube\u00ae siliconen di\u00eblektricum en vacu\u00fcmvet is koosjer gecertificeerd.<\/p>\n","protected":false},"excerpt":{"rendered":"<p>Super lube di\u00eblektrisch vet is een siliconenvet met hoge di\u00eblektrische weerstand voor het afdekken, beschermen en isoleren van elektrische componenten en connectoren.<\/p>\n<p>Tube 85 gram Super-Lube nummer #91003<\/p>\n","protected":false},"featured_media":115,"comment_status":"open","ping_status":"closed","template":"","meta":[],"product_brand":[],"product_cat":[15,30],"product_tag":[70,63,62,57],"class_list":{"0":"post-114","1":"product","2":"type-product","3":"status-publish","4":"has-post-thumbnail","6":"product_cat-alle-producten","7":"product_cat-super_lube","8":"product_tag-dielectrisch","9":"product_tag-siliconen","10":"product_tag-super-lube","11":"product_tag-vet","13":"first","14":"outofstock","15":"taxable","16":"shipping-taxable","17":"purchasable","18":"product-type-simple"},"_links":{"self":[{"href":"https:\/\/corrosion-control.eu\/site\/index.php?rest_route=\/wp\/v2\/product\/114","targetHints":{"allow":["GET"]}}],"collection":[{"href":"https:\/\/corrosion-control.eu\/site\/index.php?rest_route=\/wp\/v2\/product"}],"about":[{"href":"https:\/\/corrosion-control.eu\/site\/index.php?rest_route=\/wp\/v2\/types\/product"}],"replies":[{"embeddable":true,"href":"https:\/\/corrosion-control.eu\/site\/index.php?rest_route=%2Fwp%2Fv2%2Fcomments&post=114"}],"wp:featuredmedia":[{"embeddable":true,"href":"https:\/\/corrosion-control.eu\/site\/index.php?rest_route=\/wp\/v2\/media\/115"}],"wp:attachment":[{"href":"https:\/\/corrosion-control.eu\/site\/index.php?rest_route=%2Fwp%2Fv2%2Fmedia&parent=114"}],"wp:term":[{"taxonomy":"product_brand","embeddable":true,"href":"https:\/\/corrosion-control.eu\/site\/index.php?rest_route=%2Fwp%2Fv2%2Fproduct_brand&post=114"},{"taxonomy":"product_cat","embeddable":true,"href":"https:\/\/corrosion-control.eu\/site\/index.php?rest_route=%2Fwp%2Fv2%2Fproduct_cat&post=114"},{"taxonomy":"product_tag","embeddable":true,"href":"https:\/\/corrosion-control.eu\/site\/index.php?rest_route=%2Fwp%2Fv2%2Fproduct_tag&post=114"}],"curies":[{"name":"wp","href":"https:\/\/api.w.org\/{rel}","templated":true}]}}